en (5/(-20))/((-4)/496) is divided by m?
7
Suppose 6*s = 2*s + 2*x + 58, -4*s + 3*x = -63. Suppose 8*l - 3*l + 4*u - 183 = 0, 2*l + u - 72 = 0. Calculate the remainder when l is divided by s.
11
Let w = -11 + 18. Suppose -6*q + 3*q = -39. What is the remainder when q is divided by w?
6
Let j be (-12)/(-7) + (-2)/(-7). Suppose 3 + 9 = y. Let q = y - j. Calculate the remainder when q is divided by 6.
4
Let f = 229 + -126. Calculate the remainder when f is divided by 27.
22
Let g(m) = 5*m - 2. Let z(b) be the first derivative of b**3/3 + b**2 + 5*b + 5. Calculate the remainder when g(5) is divided by z(-4).
10
Let b = -61 - -87. Suppose 5*x = -v - 24, -5*x - b = -0*v - v. Calculate the remainder when v is divided by 1.
0
Suppose -y + 2 = 0, 0 = -n - 0*n + 4*y - 3. Suppose 0 = -g + 2*g - 4. What is the remainder when n is divided by -4 + 4 + g + -1?
2
Let w = 22 + -15. Suppose 4*b - 24 = 2*b. Calculate the remainder when b is divided by w.
5
Let h(b) = -b**3 - 10*b**2 + 10. What is the remainder when 19 is divided by h(-10)?
9
Suppose 0 = -3*p - p + 60. What is the remainder when p/(-10)*(-8)/6 is divided by 2?
0
Let j = -10 + 19. Let c(h) = -h**2 + 11*h - 4. What is the remainder when 55 is divided by c(j)?
13
Let q(w) = 3*w + 18. Calculate the remainder when q(13) is divided by 30.
27
Let x = 29 + -20. Let q = 26 - -1. What is the remainder when q is divided by (x/(-6))/(12/(-112))?
13
Suppose c + c - 6 = -4*u, 5*u - 4*c - 40 = 0. Suppose 5*b = 2*b - 4*l + 20, -b + 12 = -u*l. What is the remainder when b is divided by 3?
2
Let i = -11 - -22. What is the remainder when 25 is divided by i?
3
Suppose 450 = -2*h + 7*h. What is the remainder when h is divided by 23?
21
Let n = 29 + -18. Calculate the remainder when n is divided by 8.
3
Let j = 48 - 15. What is the remainder when 60 is divided by j?
27
What is the remainder when (-144)/(-4) + (3 - 0) is divided by 14?
11
Suppose 0 = -5*w - 0*y - y + 633, 4*y = 4*w - 492. What is the remainder when w is divided by 32?
30
Let p(x) = -x + 19. What is the remainder when 54 is divided by p(5)?
12
Suppose -5*v + 2*v = 0. Let z = v - 0. Suppose z = 4*q + 2*x - 102, 2*x - 9 = -3*q + 68. Calculate the remainder when q is divided by 9.
7
Let d(c) be the second derivative of -c**3/3 - c**2/2 - 2*c. What is the remainder when (48/10)/((-10)/(-25)) is divided by d(-3)?
2
Suppose 2*y - 22 = 2*r, -7 - 36 = -4*y + 5*r. What is the remainder when y is divided by 5?
2
Calculate the remainder when 15 is divided by (-58)/(-7) - (-2)/(-7).
7
Suppose -4*d = 4*p - 32, 4*d - d + p = 22. What is the remainder when 19 is divided by d?
5
Let b be (1 + -1)/3 + 416. Suppose 5*n - 511 = 2*i, -4*n - 4*i = -2*i - b. Suppose -3*d + 47 = -n. Calculate the remainder when d is divided by 17.
16
Suppose -f = m + 97, -f + 3*m = f + 219. Let n = f + 144. What is the remainder when n is divided by 11?
9
Let k(l) = 3*l - 2. Suppose -p = 3*p - 8. Suppose -c = c - 12. What is the remainder when c is divided by k(p)?
2
Suppose -144 = -r - 3*r - 2*f, -3*f = -r + 50. Let j = -13 - -23. What is the remainder when r is divided by j?
8
Let t(y) = -5*y**3 + 9*y**2 - 9*y - 9. Let g(q) = -6*q**3 + 10*q**2 - 10*q - 10. Let z(c) = -6*g(c) + 7*t(c). What is the remainder when 11 is divided by z(-3)?
5
Let m(y) = -y**2 + 5 - 1 + 1 + 5*y. Let k be m(5). Suppose -6*r = -k*r - 4. Calculate the remainder when r is divided by 2.
0
Let n(l) = -l**3 + 6*l**2 - 3. Suppose 3*w = 10 + 5. What is the remainder when n(w) is divided by 8?
6
Let z be -1 + 9 + (-3 - 0). Suppose 0 = 2*f + z*u - 7 + 1, 5*f = 2*u - 14. What is the remainder when (-1113)/(-49) + f/(-7) is divided by 8?
7
Let u(p) = 14*p**2. Let w be u(-1). Calculate the remainder when ((-2)/4)/((-1)/w) is divided by 5.
2
Let t = -6 - -9. Let y = t + 19. Calculate the remainder when 42 is divided by y.
20
Let y(z) = 20*z**2 - 2*z - 1. Let i = 16 - -23. Calculate the remainder when i is divided by y(-1).
18
Suppose -3*x + 4*w - 2 + 5 = 0, x = 5*w - 10. Suppose -7 - 3 = -x*d. What is the remainder when 134/6 - d/6 is divided by 12?
10
Let m = 29 + -16. Suppose 2*f = f + m. What is the remainder when 24 is divided by f?
11
Let p be (-236)/(-16) - 1/(-4). Suppose -63 = v - 4*v. Suppose 4*l - p = v. What is the remainder when l is divided by 5?
4
Suppose -3*w + 10 = 4. Calculate the remainder when 19 is divided by (12/(-15))/(w/(-25)).
9
Suppose 2*u - 5*n - 19 = 0, -3*n - 9 = -3*u - 2*n. Suppose -7*j + 35 = -u*j. What is the remainder when 18 is divided by j?
4
Suppose -4*h + 5*g = 29, 2*h + 6 = 5*g - 11. Let u = 5 - h. Suppose 7 = -3*j + 4*j + 5*i, 10 = -2*i. Calculate the remainder when j is divided by u.
10
Let c(x) = x**3 + x**2 + x + 18. Let t(y) = -y**2 + 18*y + 8. What is the remainder when t(15) is divided by c(0)?
17
Suppose -11 = -s - 2*m, -5*s + 2*m = -s - 54. Calculate the remainder when 48 is divided by s.
9
Suppose -2*o + 3*y + 21 = 0, y + 1 = -3*o + 5. Let f(i) = i**3 + 8*i**2 + 8*i + 9. What is the remainder when (o/9)/((-2)/(-12)) is divided by f(-7)?
0
Suppose -w + 36 + 9 = 0. What is the remainder when w is divided by 12?
9
Let z be -3*(3/9 + -1). Suppose 3*p - z*u = 171, -174 = -5*p + 2*p + 3*u. What is the remainder when p is divided by 19?
17
Let v(y) = -y**3 - 3*y**2 + 2*y + 3. Suppose -3*m + 8*m = 0. Let j(a) = -a**2 + 15. What is the remainder when v(-5) is divided by j(m)?
13
Suppose 7*k - 5 = 16. Suppose -v + f = -k*v + 11, -2 = -v - 4*f. Calculate the remainder when (-2)/((-14)/(-16) + -1) is divided by v.
4
Suppose 5*j = 2*m, j + 5 - 2 = m. Suppose j*x + 4 = 3*x. Suppose 0*a = -4*a - 2*s + 62, 0 = -4*s - x. Calculate the remainder when 47 is divided by a.
15
Let s = -1 + 1. Let f be s - -3 - (1422 - 6). Calculate the remainder when (-2)/(-11) - f/33 is divided by 22.
21
Suppose 4*i - 3*d = 275, -i + 4*i - 210 = 3*d. What is the remainder when i is divided by 33?
32
Suppose -5*x - 329 = -19. What is the remainder when 9/(-3)*x/6 is divided by 11?
9
Let g(d) be the third derivative of 5*d**4/24 - d**3/3 - d**2. Suppose 4*z - 13 = -1. What is the remainder when 24 is divided by g(z)?
11
Suppose 36 = b + p - 18, -3*b = -p - 174. Suppose -2*v = i - 27, 2*i + 18 = v - 3. Calculate the remainder when b is divided by v.
12
Suppose -3 = 5*u - 153. Calculate the remainder when u is divided by 17.
13
Let f = 60 - 27. Let h(l) = 0*l**2 + 4 + 0 - l**3 + f + l**2. What is the remainder when h(0) is divided by 13?
11
Let w(y) = -y**3 - 5*y**2 + y - 3. Suppose 53 = -4*s - 3*l + 360, 4*s - 3*l = 325. Calculate the remainder when s is divided by w(-6).
25
Let c(u) = -u**2 - 7*u - 7. Calculate the remainder when 16 is divided by c(-4).
1
Suppose -2*y = 2*y - 24. Let h(l) = 2*l**2 - 6*l - 5. What is the remainder when h(y) is divided by 17?
14
Let v = -123 - -184. What is the remainder when v is divided by 16?
13
Let f = -20 + 67. Let z = 36 + -20. What is the remainder when f is divided by z?
15
Calculate the remainder when 42 is divided by ((-154)/(-35))/((-4)/(-10)).
9
Suppose 0 = 4*l + s - 57, 2*s - 16 = 2*l - 3*l. Calculate the remainder when 41 is divided by l.
13
Let x = 18 + -14. Suppose -4*q - q = -n + 25, -2*q = -5*n + 56. Calculate the remainder when n is divided by x.
2
Let d(r) = r**2 - 2*r + 2. Let g be d(1). Let k = -3 + 6. Suppose -k*u - g = -148. What is the remainder when u is divided by 17?
15
Suppose -u = h + h - 510, -4*h - 5*u + 1026 = 0. What is the remainder when h is divided by 51?
50
Let x(c) = c**2 - c - 28. Calculate the remainder when x(9) is divided by 15.
14
Let k(p) = 12*p**3 - 2*p**2 + p. Suppose 11*w - 20 = 6*w. What is the remainder when k(1) is divided by w?
3
Suppose -5*r = -4*c - 89, -r + 5*r + 4*c = 100. Calculate the remainder when 83 is divided by r.
20
Suppose -5*w - 34 = -1309. Suppose 5*o - w = 60. Let t = -41 + o. Calculate the remainder when t is divided by 12.
10
Suppose 10*s = 15*s + 85. What is the remainder when 135 is divided by (s/(-2))/(4/16)?
33
Suppose -13 = -0*p + 5*p + o, -4*p = 4*o + 4. Let b be p*(0 + (-4)/(-6)). Let l = 3 - b. What is the remainder when 14 is divided by l?
4
Suppose -3*n + o + 46 = 2*n, 3*n = -4*o + 46. Let x(a) = 2*a**2 + a**3 + 0*a**2 + 3 + 4*a - 6*a**2. What is the remainder when x(4) is divided by n?
9
Let y = -2 - -10. 